{"id":41,"date":"2018-05-06T16:51:19","date_gmt":"2018-05-06T16:51:19","guid":{"rendered":"http:\/\/kanzlei-breitbarth.de\/?page_id=41"},"modified":"2021-04-11T21:02:22","modified_gmt":"2021-04-11T21:02:22","slug":"disclaimer","status":"publish","type":"page","link":"https:\/\/kanzlei-breitbarth.de\/?page_id=41","title":{"rendered":"Disclaimer"},"content":{"rendered":"<h3>Postanschrift<\/h3>\n<p>Rechtsanwaltskanzlei Breitbarth<br \/>\nLerchenstra\u00dfe 2<br \/>\n79104 Freiburg-Herdern<\/p>\n<p>vertreten durch Rechtsanw\u00e4ltin Isabelle A. Breitbarth<\/p>\n<h3><strong>Kontakt&nbsp;<\/strong><\/h3>\n<p><strong>Telefon<\/strong>&nbsp; 0761\/5148776<br \/>\n<strong>Fax<\/strong>&nbsp;&nbsp;&nbsp;&nbsp;&nbsp;&nbsp;&nbsp;&nbsp;&nbsp; 0761\/5148778<br \/>\n<strong>E-Mail<\/strong>&nbsp;&nbsp; <a href=\"mailto:info@kanzlei-breitbarth.de\">info@kanzlei-breitbarth.de<\/a><\/p>\n<h3>B\u00fcrozeiten<\/h3>\n<p><strong>Mo-Do<\/strong>&nbsp;&nbsp;&nbsp;&nbsp;&nbsp;&nbsp;&nbsp; 09.00 Uhr bis 12.00 Uhr und<br \/>\n14.00 Uhr bis 17.00 Uhr<\/p>\n<p><strong>Fr<\/strong>&nbsp;&nbsp;&nbsp;&nbsp;&nbsp;&nbsp;&nbsp;&nbsp;&nbsp;&nbsp;&nbsp;&nbsp;&nbsp; &nbsp;&nbsp; 09.00 Uhr bis 14.00 Uhr<\/p>\n<p><strong>Verantwortliche Redakteurin<\/strong><\/p>\n<p>Rechtsanw\u00e4ltin Isabelle A. Breitbarth<\/p>\n<h3>Zust\u00e4ndige Aufsicht<\/h3>\n<p>Rechtsanwaltskammer Freiburg<br \/>\nGartenstr. 21<br \/>\n79098 Freiburg<\/p>\n<h3>Berufshaftpflichtversicherung<\/h3>\n<p>Rechtsanw\u00e4ltinnen und Rechtsanw\u00e4lte sind aufgrund der Bundesrechtsanwaltsordnung&nbsp; verpflichtet, eine Berufshaftpflichtversicherung mit einer Mindestversicherungssumme&nbsp; von 250.000,00 \u20ac zu unterhalten.<\/p>\n<p>Unsere Berufshaftpflichtversicherung besteht bei der<br \/>\nHDI Gerling, Postfach 10 22 51, 70018 Stuttgart<\/p>\n<p><strong>Die Rechtsanw\u00e4lte unterliegen den folgenden berufsrechtlichen Regelungen:<\/strong><\/p>\n<ul>\n<li>BRAO Bundesrechtsanwaltsordnung<\/li>\n<li>BORA Berufsordnung f\u00fcr Rechtsanw\u00e4lte<\/li>\n<li>Fachanwaltsordnung<\/li>\n<li>RVG Rechtsanwaltsverg\u00fctungsgesetz<\/li>\n<li>Berufsregeln der Rechtsanw\u00e4lte der Europ\u00e4ischen Gemeinschaft<\/li>\n<li>Gesetz \u00fcber die T\u00e4tigkeit europ\u00e4ischer Rechtsanw\u00e4lte in Deutschland<\/li>\n<li>Law implementing the Directives of the European Community pertaining to the professional law regulating the legal profession<\/li>\n<\/ul>\n<p><strong>Diese Regelungen finden Sie im Internet unter:<\/strong>&nbsp;<a href=\"http:\/\/www.brak.de\/seiten\/06.php\">http:\/\/www.brak.de\/seiten\/06.php<\/a><\/p>\n<h3>Gerichtszulassungen \/ Auftretungsberechtigungen<strong><br \/>\n<\/strong><\/h3>\n<ul>\n<li>Amtsgericht Freiburg<\/li>\n<li>Landgericht Freiburg<\/li>\n<li>Oberlandesgericht Karlsruhe<\/li>\n<li>sowie bei allen Amts-, Land- und Oberlandesgerichten in der Bundesrepublik Deutschland<\/li>\n<\/ul>\n<h3>Copyright<\/h3>\n<p>Alle Texte, Grafiken, Downloadm\u00f6glichkeiten unterliegen dem Urheberrecht. &nbsp; Die Seiten d\u00fcrfen nur nach vorheriger schriftlicher Einwilligung zum eigenen Gebrauch&nbsp; vervielf\u00e4ltigt, gedruckt, weitergegeben oder in sonstiger Art und Weise reproduziert&nbsp; werden.<\/p>\n<h3>Haftungsauschluss<\/h3>\n<p>F\u00fcr die Vollst\u00e4ndigkeit, Richtigkeit und Aktualit\u00e4t der ver\u00f6ffentlichen Daten und&nbsp; Informationen auf unserer Internetseite \u00fcbernehmen wir keine Gew\u00e4hr soweit dies&nbsp; gesetzlich zul\u00e4ssig ist.&nbsp; Die Haftung f\u00fcr jegliche Art von Sch\u00e4den, welche durch die&nbsp; Nutzung der aufgef\u00fchrten Informationen entstehen k\u00f6nnten, wird ausgeschlossen soweit&nbsp; dies gesetzlich zul\u00e4ssig ist.<\/p>\n<p>&nbsp;<\/p>\n","protected":false},"excerpt":{"rendered":"<p>Postanschrift Rechtsanwaltskanzlei Breitbarth Lerchenstra\u00dfe 2 79104 Freiburg-Herdern vertreten durch Rechtsanw\u00e4ltin Isabelle A. Breitbarth Kontakt&nbsp; Telefon&nbsp; 0761\/5148776 Fax&nbsp;&nbsp;&nbsp;&nbsp;&nbsp;&nbsp;&nbsp;&nbsp;&nbsp; 0761\/5148778 E-Mail&nbsp;&nbsp; info@kanzlei-breitbarth.de B\u00fcrozeiten Mo-Do&nbsp;&nbsp;&nbsp;&nbsp;&nbsp;&nbsp;&nbsp; 09.00 Uhr bis 12.00 Uhr und 14.00 Uhr bis 17.00 Uhr Fr&nbsp;&nbsp;&nbsp;&nbsp;&nbsp;&nbsp;&nbsp;&nbsp;&nbsp;&nbsp;&nbsp;&nbsp;&nbsp; &nbsp;&nbsp; 09.00 Uhr bis 14.00 Uhr Verantwortliche Redakteurin Rechtsanw\u00e4ltin Isabelle A. Breitbarth Zust\u00e4ndige Aufsicht Rechtsanwaltskammer Freiburg Gartenstr. 21 79098 Freiburg Berufshaftpflichtversicherung Rechtsanw\u00e4ltinnen und Rechtsanw\u00e4lte sind aufgrund [&hellip;]<\/p>\n","protected":false},"author":1,"featured_media":0,"parent":0,"menu_order":0,"comment_status":"closed","ping_status":"closed","template":"","meta":[],"_links":{"self":[{"href":"https:\/\/kanzlei-breitbarth.de\/index.php?rest_route=\/wp\/v2\/pages\/41"}],"collection":[{"href":"https:\/\/kanzlei-breitbarth.de\/index.php?rest_route=\/wp\/v2\/pages"}],"about":[{"href":"https:\/\/kanzlei-breitbarth.de\/index.php?rest_route=\/wp\/v2\/types\/page"}],"author":[{"embeddable":true,"href":"https:\/\/kanzlei-breitbarth.de\/index.php?rest_route=\/wp\/v2\/users\/1"}],"replies":[{"embeddable":true,"href":"https:\/\/kanzlei-breitbarth.de\/index.php?rest_route=%2Fwp%2Fv2%2Fcomments&post=41"}],"version-history":[{"count":6,"href":"https:\/\/kanzlei-breitbarth.de\/index.php?rest_route=\/wp\/v2\/pages\/41\/revisions"}],"predecessor-version":[{"id":302,"href":"https:\/\/kanzlei-breitbarth.de\/index.php?rest_route=\/wp\/v2\/pages\/41\/revisions\/302"}],"wp:attachment":[{"href":"https:\/\/kanzlei-breitbarth.de\/index.php?rest_route=%2Fwp%2Fv2%2Fmedia&parent=41"}],"curies":[{"name":"wp","href":"https:\/\/api.w.org\/{rel}","templated":true}]}}